{"id":43,"date":"2024-12-04T01:11:01","date_gmt":"2024-12-04T01:11:01","guid":{"rendered":"https:\/\/iesp-hectorvasquezjimenez.edu.pe\/portal\/?page_id=43"},"modified":"2025-05-27T13:29:17","modified_gmt":"2025-05-27T18:29:17","slug":"mision-vision-valores","status":"publish","type":"page","link":"https:\/\/iesmgp.edu.pe\/portal\/mision-vision-valores\/","title":{"rendered":"Misi\u00f3n, visi\u00f3n y valores"},"content":{"rendered":"\n<p class=\"has-text-align-left has-x-large-font-size\"><strong>Visi\u00f3n nacional<\/strong><\/p>\n\n\n\n<p class=\"has-text-align-left has-large-font-size\">EL PROYECTO EDUCATIVO NACIONAL (PEN) AL 2036 propone la siguiente visi\u00f3n de la educaci\u00f3n:<br>\u201cTodas las personas en el Per\u00fa aprendemos, nos desarrollamos y prosperamos a lo largo de nuestras vidas, ejerciendo responsablemente nuestra libertad para construir proyectos personales y colectivos, conviviendo y dialogando intergeneracional e interculturalmente en una sociedad democr\u00e1tica, equitativa, igualitaria e inclusiva, que respeta y valora la diversidad en todas sus expresiones y asegura la sostenibilidad ambiental\u201d.<\/p>\n\n\n\n<p class=\"has-x-large-font-size\"><strong>Visi\u00f3n regional<\/strong><\/p>\n\n\n\n<p class=\"has-large-font-size\">Al 2021 los ciudadanos y ciudadanas de la Regi\u00f3n La Libertad, tienen una s\u00f3lida formaci\u00f3n humana con calidad y equidad, basada en valores; cuentan con capacidades, habilidades y herramientas para acceder y desarrollarse trascendentemente en un mundo de cambio de escenarios socioecon\u00f3micos; son emprendedores, asertivos, cr\u00edticos, competitivos, valoran y se identifican con su capital social, cultural y natural; viven en una sociedad intercultural y democr\u00e1tica,<br>donde se respetan sus derechos y asumen responsabilidades para el bien com\u00fan, en el marco de un proceso de descentralizaci\u00f3n consolidado y basado en la participaci\u00f3n activa y comprometida de la sociedad en su conjunto, con igualdad de oportunidades, que asegure el desarrollo sostenible de la regi\u00f3n.<\/p>\n\n\n\n<blockquote class=\"wp-block-quote is-layout-flow wp-block-quote-is-layout-flow\"><\/blockquote>\n\n\n\n<blockquote class=\"wp-block-quote is-layout-flow wp-block-quote-is-layout-flow\"><\/blockquote>\n\n\n\n<p class=\"has-x-large-font-size\"><strong>Visi\u00f3n institucional 2022 al 2028<\/strong><\/p>\n\n\n\n<p class=\"has-large-font-size\">Al 2028, ser una instituci\u00f3n de educaci\u00f3n superior tecnol\u00f3gica acreditada, licenciada y reconocida en la regi\u00f3n; formando profesionales t\u00e9cnicos que contribuyan al desarrollo productivo \u2013 empresarial local, regional y del pa\u00eds, con s\u00f3lidos valores, insert\u00e1ndose con \u00e9xito en el mercado laboral.<\/p>\n\n\n\n<p class=\"has-x-large-font-size\"><strong>Misi\u00f3n institucional 2022 al 2028<\/strong><\/p>\n\n\n\n<p class=\"has-large-font-size\">Brindamos una educaci\u00f3n integral del nivel superior, con docentes de alta responsabilidad social, formamos estudiantes competentes capaces de resolver sus<br>problemas, desarrollando valores de puntualidad, responsabilidad y cuidado del medio ambiente, brindando a los estudiantes aprendizajes de calidad y excelencia,<br>para formar profesionales competentes y emprendedores, que puedan desarrollarse sin dificultades en el mundo laboral.<\/p>\n","protected":false},"excerpt":{"rendered":"<p>Visi\u00f3n nacional EL PROYECTO EDUCATIVO NACIONAL (PEN) AL 2036 propone la siguiente visi\u00f3n de la educaci\u00f3n:\u201cTodas las personas en el Per\u00fa aprendemos, nos desarrollamos y prosperamos a lo largo de nuestras vidas, ejerciendo responsablemente nuestra libertad para construir proyectos personales y colectivos, conviviendo y dialogando intergeneracional e interculturalmente en una sociedad democr\u00e1tica, equitativa, igualitaria e [&hellip;]<\/p>\n","protected":false},"author":1,"featured_media":0,"parent":0,"menu_order":0,"comment_status":"closed","ping_status":"open","template":"","meta":{"saved_in_kubio":true,"footnotes":""},"class_list":["post-43","page","type-page","status-publish","hentry"],"kubio_ai_page_context":{"short_desc":"","purpose":"general"},"_links":{"self":[{"href":"https:\/\/iesmgp.edu.pe\/portal\/wp-json\/wp\/v2\/pages\/43","targetHints":{"allow":["GET"]}}],"collection":[{"href":"https:\/\/iesmgp.edu.pe\/portal\/wp-json\/wp\/v2\/pages"}],"about":[{"href":"https:\/\/iesmgp.edu.pe\/portal\/wp-json\/wp\/v2\/types\/page"}],"author":[{"embeddable":true,"href":"https:\/\/iesmgp.edu.pe\/portal\/wp-json\/wp\/v2\/users\/1"}],"replies":[{"embeddable":true,"href":"https:\/\/iesmgp.edu.pe\/portal\/wp-json\/wp\/v2\/comments?post=43"}],"version-history":[{"count":3,"href":"https:\/\/iesmgp.edu.pe\/portal\/wp-json\/wp\/v2\/pages\/43\/revisions"}],"predecessor-version":[{"id":505,"href":"https:\/\/iesmgp.edu.pe\/portal\/wp-json\/wp\/v2\/pages\/43\/revisions\/505"}],"wp:attachment":[{"href":"https:\/\/iesmgp.edu.pe\/portal\/wp-json\/wp\/v2\/media?parent=43"}],"curies":[{"name":"wp","href":"https:\/\/api.w.org\/{rel}","templated":true}]}}